{"id":18038,"date":"2022-07-22T20:28:20","date_gmt":"2022-07-22T20:28:20","guid":{"rendered":"https:\/\/atlanticeagle.pt\/blog\/"},"modified":"2023-10-16T10:56:52","modified_gmt":"2023-10-16T10:56:52","slug":"blog","status":"publish","type":"page","link":"https:\/\/atlanticeagle.pt\/tetum\/blog\/","title":{"rendered":"Blog"},"content":{"rendered":"\t\t<div data-elementor-type=\"wp-page\" data-elementor-id=\"18038\" class=\"elementor elementor-18038 elementor-403\" data-elementor-post-type=\"page\">\n\t\t\t\t\t\t<section class=\"elementor-section elementor-top-section elementor-element elementor-element-aa841c5 elementor-section-boxed elementor-section-height-default elementor-section-height-default\" data-id=\"aa841c5\" data-element_type=\"section\">\n\t\t\t\t\t\t<div class=\"elementor-container elementor-column-gap-default\">\n\t\t\t\t\t<div class=\"elementor-column elementor-col-100 elementor-top-column elementor-element elementor-element-33c4325\" data-id=\"33c4325\" data-element_type=\"column\">\n\t\t\t<div class=\"elementor-widget-wrap elementor-element-populated\">\n\t\t\t\t\t\t<div class=\"elementor-element elementor-element-a669ad3 elementor-widget elementor-widget-industrium_blog_listing\" data-id=\"a669ad3\" data-element_type=\"widget\" data-widget_type=\"industrium_blog_listing.default\">\n\t\t\t\t<div class=\"elementor-widget-container\">\n\t\t\t\t\t\n        <div class=\"archive-listing\" data-ajax='{&quot;post_type&quot;:&quot;post&quot;,&quot;posts_per_page&quot;:8,&quot;orderby&quot;:&quot;date&quot;,&quot;order&quot;:&quot;desc&quot;,&quot;paged&quot;:1,&quot;category_name&quot;:&quot;&quot;,&quot;tag&quot;:&quot;&quot;,&quot;post__in&quot;:&quot;&quot;,&quot;ignore_sticky_posts&quot;:false,&quot;link_base&quot;:&quot;https:\\\/\\\/atlanticeagle.pt\\\/tetum\\\/wp-json\\\/wp\\\/v2\\\/pages\\\/18038\\\/&quot;}' data-widget='{&quot;excerpt_length&quot;:190,&quot;show_cat&quot;:&quot;yes&quot;,&quot;show_media&quot;:&quot;yes&quot;,&quot;show_author&quot;:&quot;&quot;,&quot;show_date&quot;:&quot;&quot;,&quot;show_title&quot;:&quot;yes&quot;,&quot;show_tags&quot;:&quot;no&quot;,&quot;show_excerpt&quot;:&quot;yes&quot;,&quot;show_read_more&quot;:&quot;yes&quot;,&quot;read_more_text&quot;:&quot;Ver mais&quot;,&quot;item_class&quot;:&quot;post grid-item grid-blog-item-wrapper&quot;,&quot;columns_number&quot;:3,&quot;listing_type&quot;:&quot;grid&quot;}'>\n            <div class=\"archive-listing-wrapper grid-listing columns-3\">\n                \n<div class=\"standard-blog-item-wrapper post grid-item grid-blog-item-wrapper post-19254 type-post status-publish format-standard has-post-thumbnail hentry category-notisia\">\n    <div class=\"blog-item\">\n        <div class=\"post-media-wrapper\"><a href=\"https:\/\/atlanticeagle.pt\/tetum\/novo-projeto\/\"><picture><source media=\"(max-width: 575px)\" sizes=\"(max-width: 535px) 535px\" srcset=\"https:\/\/atlanticeagle.pt\/wp-content\/uploads\/2025\/11\/1762268947761-640x800.jpeg 535w\"><source media=\"(max-width: 991px)\" sizes=\"(max-width: 951px) 951px\" srcset=\"https:\/\/atlanticeagle.pt\/wp-content\/uploads\/2025\/11\/1762268947761-480x600.jpeg 951w\"><img decoding=\"async\" alt=\"1762268947761\" title=\"1762268947761\" src=\"https:\/\/atlanticeagle.pt\/wp-content\/uploads\/2025\/11\/1762268947761-640x800.jpeg\" class=\"attachment-industrium_post_grid_3_columns size-industrium_post_grid_3_columns wp-post-image\" \/><\/picture><\/a><\/div><div class=\"post-labels\"><div class=\"post-categories\"><a class=\"post-category-item\" href=\"https:\/\/atlanticeagle.pt\/tetum\/category\/notisia\/\">Not\u00edsia<\/a><\/div><\/div><h4 class=\"post-title\"><a href=\"https:\/\/atlanticeagle.pt\/tetum\/novo-projeto\/\">Novo Projeto<\/a><\/h4><div class=\"post-content\">Alumin\u00edniu barak, servisu mos barak!Iha tempo besik sei iha novidades konaba projetu n\u00e9&#8217;e.<\/div><div class=\"post-more-button\"><a href=\"https:\/\/atlanticeagle.pt\/tetum\/novo-projeto\/\" class=\"industrium-button\">Ver mais<svg viewBox=\"0 0 13 20\"><polyline points=\"0.5 19.5 3 19.5 12.5 10 3 0.5\" \/><\/svg><\/a><\/div>    <\/div>\n<\/div>\n<div class=\"standard-blog-item-wrapper post grid-item grid-blog-item-wrapper post-19239 type-post status-publish format-standard has-post-thumbnail hentry category-notisia\">\n    <div class=\"blog-item\">\n        <div class=\"post-media-wrapper\"><a href=\"https:\/\/atlanticeagle.pt\/tetum\/visita-kortesia-autoridades-timorenses\/\"><picture><source media=\"(max-width: 575px)\" sizes=\"(max-width: 535px) 535px\" srcset=\"https:\/\/atlanticeagle.pt\/wp-content\/uploads\/2025\/11\/1761149561920b-640x795.jpg 535w\"><source media=\"(max-width: 991px)\" sizes=\"(max-width: 951px) 951px\" srcset=\"https:\/\/atlanticeagle.pt\/wp-content\/uploads\/2025\/11\/1761149561920b-480x600.jpg 951w\"><img decoding=\"async\" alt=\"1761149561920b\" title=\"1761149561920b\" src=\"https:\/\/atlanticeagle.pt\/wp-content\/uploads\/2025\/11\/1761149561920b-640x795.jpg\" class=\"attachment-industrium_post_grid_3_columns size-industrium_post_grid_3_columns wp-post-image\" \/><\/picture><\/a><\/div><div class=\"post-labels\"><div class=\"post-categories\"><a class=\"post-category-item\" href=\"https:\/\/atlanticeagle.pt\/tetum\/category\/notisia\/\">Not\u00edsia<\/a><\/div><\/div><h4 class=\"post-title\"><a href=\"https:\/\/atlanticeagle.pt\/tetum\/visita-kortesia-autoridades-timorenses\/\">Visita kortesia autoridades Timorenses<\/a><\/h4><div class=\"post-content\">Visita kortesia ne\u2019eb\u00e9 maka f\u00f3 honra mai ami, husi Prezidente Autoridade Proteksaun Sivil Timor-Leste (Jesu\u00edno dos Reis de Matos Carvalho), Diretor Nasion\u00e1l Bombeiru Timor-Leste (Aniba<\/div><div class=\"post-more-button\"><a href=\"https:\/\/atlanticeagle.pt\/tetum\/visita-kortesia-autoridades-timorenses\/\" class=\"industrium-button\">Ver mais<svg viewBox=\"0 0 13 20\"><polyline points=\"0.5 19.5 3 19.5 12.5 10 3 0.5\" \/><\/svg><\/a><\/div>    <\/div>\n<\/div>\n<div class=\"standard-blog-item-wrapper post grid-item grid-blog-item-wrapper post-19227 type-post status-publish format-standard has-post-thumbnail hentry category-notisia\">\n    <div class=\"blog-item\">\n        <div class=\"post-media-wrapper\"><a href=\"https:\/\/atlanticeagle.pt\/tetum\/enkontru-anual-husi-antigos-traballadores-sira-husi-estaleiros-navais-do-mondego\/\"><picture><source media=\"(max-width: 575px)\" sizes=\"(max-width: 535px) 535px\" srcset=\"https:\/\/atlanticeagle.pt\/wp-content\/uploads\/2025\/11\/1759765662609-640x786.jpeg 535w\"><source media=\"(max-width: 991px)\" sizes=\"(max-width: 951px) 951px\" srcset=\"https:\/\/atlanticeagle.pt\/wp-content\/uploads\/2025\/11\/1759765662609-480x600.jpeg 951w\"><img decoding=\"async\" alt=\"1759765662609\" title=\"1759765662609\" src=\"https:\/\/atlanticeagle.pt\/wp-content\/uploads\/2025\/11\/1759765662609-640x786.jpeg\" class=\"attachment-industrium_post_grid_3_columns size-industrium_post_grid_3_columns wp-post-image\" \/><\/picture><\/a><\/div><div class=\"post-labels\"><div class=\"post-categories\"><a class=\"post-category-item\" href=\"https:\/\/atlanticeagle.pt\/tetum\/category\/notisia\/\">Not\u00edsia<\/a><\/div><\/div><h4 class=\"post-title\"><a href=\"https:\/\/atlanticeagle.pt\/tetum\/enkontru-anual-husi-antigos-traballadores-sira-husi-estaleiros-navais-do-mondego\/\">Enkontru anual husi antigos traballad\u00f3res sira husi Estaleiros Navais do Mondego<\/a><\/h4><div class=\"post-content\">Iha s\u00e1badu liu ba, ami simu enkontru anual husi antigos traballad\u00f3res sira husi Estaleiros Navais do Mondego. Inisiativa ida ne\u2019e f\u00f3 ksolok tebes mai ami no ami hakarak kontinua tinan b<\/div><div class=\"post-more-button\"><a href=\"https:\/\/atlanticeagle.pt\/tetum\/enkontru-anual-husi-antigos-traballadores-sira-husi-estaleiros-navais-do-mondego\/\" class=\"industrium-button\">Ver mais<svg viewBox=\"0 0 13 20\"><polyline points=\"0.5 19.5 3 19.5 12.5 10 3 0.5\" \/><\/svg><\/a><\/div>    <\/div>\n<\/div>\n<div class=\"standard-blog-item-wrapper post grid-item grid-blog-item-wrapper post-19216 type-post status-publish format-standard has-post-thumbnail hentry category-notisia\">\n    <div class=\"blog-item\">\n        <div class=\"post-media-wrapper\"><a href=\"https:\/\/atlanticeagle.pt\/tetum\/rohde-nielsen\/\"><picture><source media=\"(max-width: 575px)\" sizes=\"(max-width: 535px) 535px\" srcset=\"https:\/\/atlanticeagle.pt\/wp-content\/uploads\/2025\/10\/1759337772686-640x800.jpeg 535w\"><source media=\"(max-width: 991px)\" sizes=\"(max-width: 951px) 951px\" srcset=\"https:\/\/atlanticeagle.pt\/wp-content\/uploads\/2025\/10\/1759337772686-480x600.jpeg 951w\"><img decoding=\"async\" alt=\"1759337772686\" title=\"1759337772686\" src=\"https:\/\/atlanticeagle.pt\/wp-content\/uploads\/2025\/10\/1759337772686-640x800.jpeg\" class=\"attachment-industrium_post_grid_3_columns size-industrium_post_grid_3_columns wp-post-image\" \/><\/picture><\/a><\/div><div class=\"post-labels\"><div class=\"post-categories\"><a class=\"post-category-item\" href=\"https:\/\/atlanticeagle.pt\/tetum\/category\/notisia\/\">Not\u00edsia<\/a><\/div><\/div><h4 class=\"post-title\"><a href=\"https:\/\/atlanticeagle.pt\/tetum\/rohde-nielsen\/\">Rohde Nielsen<\/a><\/h4><div class=\"post-content\">Horseik ami simu traballu reparasaun, Ro ida husi empresa boot iha mundu iha \u00e1rea dragajen (Rohde Nielsen ). Ida ne\u2019e sinal konfiansa no rekonesementu ne\u2019eb\u00e9 ami fiar mos. Sei mos este<\/div><div class=\"post-more-button\"><a href=\"https:\/\/atlanticeagle.pt\/tetum\/rohde-nielsen\/\" class=\"industrium-button\">Ver mais<svg viewBox=\"0 0 13 20\"><polyline points=\"0.5 19.5 3 19.5 12.5 10 3 0.5\" \/><\/svg><\/a><\/div>    <\/div>\n<\/div>\n<div class=\"standard-blog-item-wrapper post grid-item grid-blog-item-wrapper post-19197 type-post status-publish format-standard has-post-thumbnail hentry category-notisia\">\n    <div class=\"blog-item\">\n        <div class=\"post-media-wrapper\"><a href=\"https:\/\/atlanticeagle.pt\/tetum\/repara-da-draga-o-pisco\/\"><picture><source media=\"(max-width: 575px)\" sizes=\"(max-width: 535px) 535px\" srcset=\"https:\/\/atlanticeagle.pt\/wp-content\/uploads\/2025\/04\/1742923097942-640x800.jpeg 535w\"><source media=\"(max-width: 991px)\" sizes=\"(max-width: 951px) 951px\" srcset=\"https:\/\/atlanticeagle.pt\/wp-content\/uploads\/2025\/04\/1742923097942-480x600.jpeg 951w\"><img decoding=\"async\" alt=\"1742923097942\" title=\"1742923097942\" src=\"https:\/\/atlanticeagle.pt\/wp-content\/uploads\/2025\/04\/1742923097942-640x800.jpeg\" class=\"attachment-industrium_post_grid_3_columns size-industrium_post_grid_3_columns wp-post-image\" \/><\/picture><\/a><\/div><div class=\"post-labels\"><div class=\"post-categories\"><a class=\"post-category-item\" href=\"https:\/\/atlanticeagle.pt\/tetum\/category\/notisia\/\">Not\u00edsia<\/a><\/div><\/div><h4 class=\"post-title\"><a href=\"https:\/\/atlanticeagle.pt\/tetum\/repara-da-draga-o-pisco\/\">Repara da Draga &#8220;O pisco&#8221;<\/a><\/h4><div class=\"post-content\">Hahu ona ami nia servisu atu repara draga seluk, ne\u2019e mak PISCO husi MMAS Dragagens (grupo Etermar &#8211; Engenharia S.A.). Servisu barak iha oin, inklui reforma ba akomodasaun, cozinha n<\/div><div class=\"post-more-button\"><a href=\"https:\/\/atlanticeagle.pt\/tetum\/repara-da-draga-o-pisco\/\" class=\"industrium-button\">Ver mais<svg viewBox=\"0 0 13 20\"><polyline points=\"0.5 19.5 3 19.5 12.5 10 3 0.5\" \/><\/svg><\/a><\/div>    <\/div>\n<\/div>\n<div class=\"standard-blog-item-wrapper post grid-item grid-blog-item-wrapper post-19183 type-post status-publish format-standard has-post-thumbnail hentry category-notisia\">\n    <div class=\"blog-item\">\n        <div class=\"post-media-wrapper\"><a href=\"https:\/\/atlanticeagle.pt\/tetum\/repara-sai-naviu-desterro\/\"><picture><source media=\"(max-width: 575px)\" sizes=\"(max-width: 535px) 535px\" srcset=\"https:\/\/atlanticeagle.pt\/wp-content\/uploads\/2025\/03\/1741952697736-640x600.jpeg 535w\"><source media=\"(max-width: 991px)\" sizes=\"(max-width: 951px) 951px\" srcset=\"https:\/\/atlanticeagle.pt\/wp-content\/uploads\/2025\/03\/1741952697736-480x600.jpeg 951w\"><img decoding=\"async\" alt=\"1741952697736\" title=\"1741952697736\" src=\"https:\/\/atlanticeagle.pt\/wp-content\/uploads\/2025\/03\/1741952697736-640x600.jpeg\" class=\"attachment-industrium_post_grid_3_columns size-industrium_post_grid_3_columns wp-post-image\" \/><\/picture><\/a><\/div><div class=\"post-labels\"><div class=\"post-categories\"><a class=\"post-category-item\" href=\"https:\/\/atlanticeagle.pt\/tetum\/category\/notisia\/\">Not\u00edsia<\/a><\/div><\/div><h4 class=\"post-title\"><a href=\"https:\/\/atlanticeagle.pt\/tetum\/repara-sai-naviu-desterro\/\">Repara sai naviu Desterro<\/a><\/h4><div class=\"post-content\">Ho prazu kompletu no qualidade aas ne&#8217;eb\u00e9 halo ami nia kliente Teixeira Duarte &#8211; Engenharia e Constru\u00e7\u00f5es kontente tebes, ami remata ona repara sai naviu Desterro. Naviu ne&#8<\/div><div class=\"post-more-button\"><a href=\"https:\/\/atlanticeagle.pt\/tetum\/repara-sai-naviu-desterro\/\" class=\"industrium-button\">Ver mais<svg viewBox=\"0 0 13 20\"><polyline points=\"0.5 19.5 3 19.5 12.5 10 3 0.5\" \/><\/svg><\/a><\/div>    <\/div>\n<\/div>\n<div class=\"standard-blog-item-wrapper post grid-item grid-blog-item-wrapper post-19170 type-post status-publish format-standard has-post-thumbnail hentry category-notisia\">\n    <div class=\"blog-item\">\n        <div class=\"post-media-wrapper\"><a href=\"https:\/\/atlanticeagle.pt\/tetum\/iefp-compromisso-emprego-sustentavel\/\"><picture><source media=\"(max-width: 575px)\" sizes=\"(max-width: 535px) 535px\" srcset=\"https:\/\/atlanticeagle.pt\/wp-content\/uploads\/2025\/03\/duarte-sousa-1-640x729.png 535w\"><source media=\"(max-width: 991px)\" sizes=\"(max-width: 951px) 951px\" srcset=\"https:\/\/atlanticeagle.pt\/wp-content\/uploads\/2025\/03\/duarte-sousa-1-480x600.png 951w\"><img decoding=\"async\" alt=\"duarte-sousa\" title=\"duarte-sousa\" src=\"https:\/\/atlanticeagle.pt\/wp-content\/uploads\/2025\/03\/duarte-sousa-1-640x729.png\" class=\"attachment-industrium_post_grid_3_columns size-industrium_post_grid_3_columns wp-post-image\" \/><\/picture><\/a><\/div><div class=\"post-labels\"><div class=\"post-categories\"><a class=\"post-category-item\" href=\"https:\/\/atlanticeagle.pt\/tetum\/category\/notisia\/\">Not\u00edsia<\/a><\/div><\/div><h4 class=\"post-title\"><a href=\"https:\/\/atlanticeagle.pt\/tetum\/iefp-compromisso-emprego-sustentavel\/\">IEFP &#8211; Compromisso Emprego Sustent\u00e1vel<\/a><\/h4><div class=\"post-content\">Programa ida ne\u2019eb\u00e9 hatudu sucesso, ho revitalizasaun no integrasaun valor humanu iha merkadu traballu. Iha tempu ne\u2019eb\u00e9 rekursu humanu mukit. No rezultadu sira di\u2019ak no motivadu. ht<\/div><div class=\"post-more-button\"><a href=\"https:\/\/atlanticeagle.pt\/tetum\/iefp-compromisso-emprego-sustentavel\/\" class=\"industrium-button\">Ver mais<svg viewBox=\"0 0 13 20\"><polyline points=\"0.5 19.5 3 19.5 12.5 10 3 0.5\" \/><\/svg><\/a><\/div>    <\/div>\n<\/div>\n<div class=\"standard-blog-item-wrapper post grid-item grid-blog-item-wrapper post-19115 type-post status-publish format-standard has-post-thumbnail hentry category-notisia\">\n    <div class=\"blog-item\">\n        <div class=\"post-media-wrapper\"><a href=\"https:\/\/atlanticeagle.pt\/tetum\/kontratu-foun\/\"><picture><source media=\"(max-width: 575px)\" sizes=\"(max-width: 535px) 535px\" srcset=\"https:\/\/atlanticeagle.pt\/wp-content\/uploads\/2025\/02\/1738944879032-640x800.jpeg 535w\"><source media=\"(max-width: 991px)\" sizes=\"(max-width: 951px) 951px\" srcset=\"https:\/\/atlanticeagle.pt\/wp-content\/uploads\/2025\/02\/1738944879032-480x600.jpeg 951w\"><img decoding=\"async\" alt=\"1738944879032\" title=\"1738944879032\" src=\"https:\/\/atlanticeagle.pt\/wp-content\/uploads\/2025\/02\/1738944879032-640x800.jpeg\" class=\"attachment-industrium_post_grid_3_columns size-industrium_post_grid_3_columns wp-post-image\" \/><\/picture><\/a><\/div><div class=\"post-labels\"><div class=\"post-categories\"><a class=\"post-category-item\" href=\"https:\/\/atlanticeagle.pt\/tetum\/category\/notisia\/\">Not\u00edsia<\/a><\/div><\/div><h4 class=\"post-title\"><a href=\"https:\/\/atlanticeagle.pt\/tetum\/kontratu-foun\/\">Kontratu Foun!<\/a><\/h4><div class=\"post-content\">Ohin ami assina kontratu foun ida ho armad\u00f3r boot husi peska tradision\u00e1l iha Portugal. Sei sai refer\u00e9nsia importante ba futuru peska no kontrusaun naval iha Portugal.Hakat boot ida ba est<\/div><div class=\"post-more-button\"><a href=\"https:\/\/atlanticeagle.pt\/tetum\/kontratu-foun\/\" class=\"industrium-button\">Ver mais<svg viewBox=\"0 0 13 20\"><polyline points=\"0.5 19.5 3 19.5 12.5 10 3 0.5\" \/><\/svg><\/a><\/div>    <\/div>\n<\/div>            <\/div>\n\n            <div class=\"content-pagination\"><nav class=\"navigation pagination\"><h2 class=\"screen-reader-text\">Pagination<\/h2><div class=\"nav-links\"><span aria-current=\"page\" class=\"page-numbers current\">1<\/span>\n<a class=\"page-numbers\" href=\"https:\/\/atlanticeagle.pt\/tetum\/wp-json\/wp\/v2\/pages\/18038\/?a669ad3-paged=2\">2<\/a>\n<a class=\"page-numbers\" href=\"https:\/\/atlanticeagle.pt\/tetum\/wp-json\/wp\/v2\/pages\/18038\/?a669ad3-paged=3\">3<\/a>\n<a class=\"page-numbers\" href=\"https:\/\/atlanticeagle.pt\/tetum\/wp-json\/wp\/v2\/pages\/18038\/?a669ad3-paged=4\">4<\/a>\n<a class=\"next page-numbers\" href=\"https:\/\/atlanticeagle.pt\/tetum\/wp-json\/wp\/v2\/pages\/18038\/?a669ad3-paged=2\"><div class=\"button-icon\"><\/div><\/a><\/div><\/nav><\/div>        <\/div>\n        \t\t\t\t<\/div>\n\t\t\t\t<\/div>\n\t\t\t\t\t<\/div>\n\t\t<\/div>\n\t\t\t\t\t<\/div>\n\t\t<\/section>\n\t\t\t\t<\/div>\n\t\t","protected":false},"excerpt":{"rendered":"","protected":false},"author":1,"featured_media":0,"parent":0,"menu_order":0,"comment_status":"closed","ping_status":"closed","template":"","meta":{"_monsterinsights_skip_tracking":false,"_monsterinsights_sitenote_active":false,"_monsterinsights_sitenote_note":"","_monsterinsights_sitenote_category":0,"footnotes":""},"class_list":["post-18038","page","type-page","status-publish","hentry"],"_links":{"self":[{"href":"https:\/\/atlanticeagle.pt\/tetum\/wp-json\/wp\/v2\/pages\/18038","targetHints":{"allow":["GET"]}}],"collection":[{"href":"https:\/\/atlanticeagle.pt\/tetum\/wp-json\/wp\/v2\/pages"}],"about":[{"href":"https:\/\/atlanticeagle.pt\/tetum\/wp-json\/wp\/v2\/types\/page"}],"author":[{"embeddable":true,"href":"https:\/\/atlanticeagle.pt\/tetum\/wp-json\/wp\/v2\/users\/1"}],"replies":[{"embeddable":true,"href":"https:\/\/atlanticeagle.pt\/tetum\/wp-json\/wp\/v2\/comments?post=18038"}],"version-history":[{"count":3,"href":"https:\/\/atlanticeagle.pt\/tetum\/wp-json\/wp\/v2\/pages\/18038\/revisions"}],"predecessor-version":[{"id":18173,"href":"https:\/\/atlanticeagle.pt\/tetum\/wp-json\/wp\/v2\/pages\/18038\/revisions\/18173"}],"wp:attachment":[{"href":"https:\/\/atlanticeagle.pt\/tetum\/wp-json\/wp\/v2\/media?parent=18038"}],"curies":[{"name":"wp","href":"https:\/\/api.w.org\/{rel}","templated":true}]}}