{"id":18948,"date":"2024-05-10T09:05:58","date_gmt":"2024-05-10T09:05:58","guid":{"rendered":"https:\/\/atlanticeagle.pt\/?page_id=18948"},"modified":"2024-05-15T04:55:36","modified_gmt":"2024-05-15T04:55:36","slug":"denuncias","status":"publish","type":"page","link":"https:\/\/atlanticeagle.pt\/tetum\/denuncias\/","title":{"rendered":"Den\u00fancia"},"content":{"rendered":"\t\t<div data-elementor-type=\"wp-page\" data-elementor-id=\"18948\" class=\"elementor elementor-18948\" data-elementor-post-type=\"page\">\n\t\t\t\t\t\t<section class=\"elementor-section elementor-top-section elementor-element elementor-element-cff100f elementor-section-boxed elementor-section-height-default elementor-section-height-default\" data-id=\"cff100f\" data-element_type=\"section\">\n\t\t\t\t\t\t<div class=\"elementor-container elementor-column-gap-default\">\n\t\t\t\t\t<div class=\"elementor-column elementor-col-50 elementor-top-column elementor-element elementor-element-8f260e7\" data-id=\"8f260e7\" data-element_type=\"column\">\n\t\t\t<div class=\"elementor-widget-wrap elementor-element-populated\">\n\t\t\t\t\t\t<div class=\"elementor-element elementor-element-18c56ff elementor-widget elementor-widget-text-editor\" data-id=\"18c56ff\" data-element_type=\"widget\" data-widget_type=\"text-editor.default\">\n\t\t\t\t<div class=\"elementor-widget-container\">\n\t\t\t\t\t\t\t\t\t<p>A ATLANTICEAGLE SHIPBUILDING LDA disponibiliza o Canal de Den\u00fancias, seguro e an\u00f3nimo, em conformidade com a Lei 93\/2021, de 20 de dezembro, que estabelece o regime geral de prote\u00e7\u00e3o de denunciantes de infra\u00e7\u00f5es (doravante designado como RGPDI), que transp\u00f5e a Diretiva (UE Whistleblower Directive) 2019\/1937, para possibilitar eventuais den\u00fancias e garantir a independ\u00eancia, a imparcialidade, a confidencialidade, a prote\u00e7\u00e3o de dados e o sigilo.<\/p><p>Os denunciantes, desde que observem as condi\u00e7\u00f5es previstas no RGPDI beneficiam da prote\u00e7\u00e3o legalmente conferida, nomeadamente a proibi\u00e7\u00e3o de atos de retalia\u00e7\u00e3o.<br \/>A identidade do denunciante s\u00f3 ser\u00e1 divulgada em decorr\u00eancia de obriga\u00e7\u00e3o legal ou de decis\u00e3o judicial.<\/p><p><strong>Atrav\u00e9s do Canal de Den\u00fancias pode tratar:<\/strong><\/p><p>Infra\u00e7\u00f5es que estejam a ser cometidas ou cujo cometimento se possa razoavelmente prever, bem como tentativas de oculta\u00e7\u00e3o de tais infra\u00e7\u00f5es das quais teve pessoalmente conhecimento e que, do seu ponto de vista, constituem uma viola\u00e7\u00e3o grave das regras sobre as quais assentam os princ\u00edpios de respeito pela legalidade, pelas pessoas e a luta contra a corrup\u00e7\u00e3o, enquadrados no \u00e2mbito de aplica\u00e7\u00e3o do artigo 2.\u00ba do RGPDI. Ou seja, qualquer ato ou omiss\u00e3o contr\u00e1rio ao Direito Europeu, a normas nacionais que transponham ou deem cumprimento a tais atos ou a quaisquer outras normas constantes de atos legislativos de execu\u00e7\u00e3o ou transposi\u00e7\u00e3o dos mesmos, incluindo as que prevejam crimes ou contraordena\u00e7\u00f5es.<\/p>\t\t\t\t\t\t\t\t<\/div>\n\t\t\t\t<\/div>\n\t\t\t\t\t<\/div>\n\t\t<\/div>\n\t\t\t\t<div class=\"elementor-column elementor-col-50 elementor-top-column elementor-element elementor-element-7fb8d3c\" data-id=\"7fb8d3c\" data-element_type=\"column\" data-settings=\"{&quot;background_background&quot;:&quot;classic&quot;}\">\n\t\t\t<div class=\"elementor-widget-wrap elementor-element-populated\">\n\t\t\t\t\t\t<div class=\"elementor-element elementor-element-9c5eebc elementor-widget elementor-widget-heading\" data-id=\"9c5eebc\" data-element_type=\"widget\" data-widget_type=\"heading.default\">\n\t\t\t\t<div class=\"elementor-widget-container\">\n\t\t\t\t\t<h2 class=\"elementor-heading-title elementor-size-default\">Formul\u00e1rio de den\u00fancia:<\/h2>\t\t\t\t<\/div>\n\t\t\t\t<\/div>\n\t\t\t\t<div class=\"elementor-element elementor-element-a2d2128 elementor-widget elementor-widget-shortcode\" data-id=\"a2d2128\" data-element_type=\"widget\" data-widget_type=\"shortcode.default\">\n\t\t\t\t<div class=\"elementor-widget-container\">\n\t\t\t\t\t\t\t<div class=\"elementor-shortcode\"><div class=\"wpforms-container wpforms-container-full wpforms-render-modern\" id=\"wpforms-18945\"><form id=\"wpforms-form-18945\" class=\"wpforms-validate wpforms-form wpforms-ajax-form\" data-formid=\"18945\" method=\"post\" enctype=\"multipart\/form-data\" action=\"\/tetum\/wp-json\/wp\/v2\/pages\/18948\" data-token=\"1bcfc6ce4609fca10d44a696c3853870\" data-token-time=\"1777911627\"><noscript class=\"wpforms-error-noscript\">Please enable JavaScript in your browser to complete this form.<\/noscript><div class=\"wpforms-hidden\" id=\"wpforms-error-noscript\">Please enable JavaScript in your browser to complete this form.<\/div><div class=\"wpforms-field-container\"><div id=\"wpforms-18945-field_1-container\" class=\"wpforms-field wpforms-field-textarea\" data-field-id=\"1\"><label class=\"wpforms-field-label\" for=\"wpforms-18945-field_1\">Den\u00fancia <span class=\"wpforms-required-label\" aria-hidden=\"true\">*<\/span><\/label><textarea id=\"wpforms-18945-field_1\" class=\"wpforms-field-large wpforms-field-required\" name=\"wpforms[fields][1]\" placeholder=\"Colocar a den\u00fancia neste campo\" aria-errormessage=\"wpforms-18945-field_1-error\" required><\/textarea><\/div><\/div><!-- .wpforms-field-container --><div class=\"wpforms-submit-container\" ><input type=\"hidden\" name=\"wpforms[id]\" value=\"18945\"><input type=\"hidden\" name=\"page_title\" value=\"\"><input type=\"hidden\" name=\"page_url\" value=\"https:\/\/atlanticeagle.pt\/tetum\/wp-json\/wp\/v2\/pages\/18948\"><input type=\"hidden\" name=\"url_referer\" value=\"\"><button type=\"submit\" name=\"wpforms[submit]\" id=\"wpforms-submit-18945\" class=\"wpforms-submit\" data-alt-text=\"A enviar...\" data-submit-text=\"Enviar\" aria-live=\"assertive\" value=\"wpforms-submit\">Enviar<\/button><img decoding=\"async\" src=\"https:\/\/atlanticeagle.pt\/wp-content\/plugins\/wpforms-lite\/assets\/images\/submit-spin.svg\" class=\"wpforms-submit-spinner\" style=\"display: none;\" width=\"26\" height=\"26\" alt=\"Loading\"><\/div><\/form><\/div>  <!-- .wpforms-container --><\/div>\n\t\t\t\t\t\t<\/div>\n\t\t\t\t<\/div>\n\t\t\t\t\t<\/div>\n\t\t<\/div>\n\t\t\t\t\t<\/div>\n\t\t<\/section>\n\t\t\t\t<\/div>\n\t\t","protected":false},"excerpt":{"rendered":"<p>A ATLANTICEAGLE SHIPBUILDING LDA disponibiliza o Canal de Den\u00fancias, seguro e an\u00f3nimo, em conformidade com a Lei 93\/2021, de 20 de dezembro, que estabelece o regime geral de prote\u00e7\u00e3o de denunciantes de infra\u00e7\u00f5es (doravante designado como RGPDI), que transp\u00f5e a Diretiva&#8230;<\/p>\n","protected":false},"author":2,"featured_media":0,"parent":0,"menu_order":0,"comment_status":"closed","ping_status":"closed","template":"","meta":{"_monsterinsights_skip_tracking":false,"_monsterinsights_sitenote_active":false,"_monsterinsights_sitenote_note":"","_monsterinsights_sitenote_category":0,"footnotes":""},"class_list":["post-18948","page","type-page","status-publish","hentry"],"_links":{"self":[{"href":"https:\/\/atlanticeagle.pt\/tetum\/wp-json\/wp\/v2\/pages\/18948","targetHints":{"allow":["GET"]}}],"collection":[{"href":"https:\/\/atlanticeagle.pt\/tetum\/wp-json\/wp\/v2\/pages"}],"about":[{"href":"https:\/\/atlanticeagle.pt\/tetum\/wp-json\/wp\/v2\/types\/page"}],"author":[{"embeddable":true,"href":"https:\/\/atlanticeagle.pt\/tetum\/wp-json\/wp\/v2\/users\/2"}],"replies":[{"embeddable":true,"href":"https:\/\/atlanticeagle.pt\/tetum\/wp-json\/wp\/v2\/comments?post=18948"}],"version-history":[{"count":7,"href":"https:\/\/atlanticeagle.pt\/tetum\/wp-json\/wp\/v2\/pages\/18948\/revisions"}],"predecessor-version":[{"id":18955,"href":"https:\/\/atlanticeagle.pt\/tetum\/wp-json\/wp\/v2\/pages\/18948\/revisions\/18955"}],"wp:attachment":[{"href":"https:\/\/atlanticeagle.pt\/tetum\/wp-json\/wp\/v2\/media?parent=18948"}],"curies":[{"name":"wp","href":"https:\/\/api.w.org\/{rel}","templated":true}]}}